a - 147 = -v, 4*a - 4*v + 108 = 0. Let k = a + 560. What is the greatest common divisor of 53 and k?
53
Suppose 10*h - 15*h - v = -94, -3*v = 2*h - 35. Calculate the highest common divisor of 3211 and h.
19
Let u be 2 + -2 + -2 - -23. Let b be (2523/24 - -1) + 10/(-80). Let v be b/8 + ((-30)/(-8))/5. What is the highest common factor of u and v?
7
Let b(r) = 6*r**3 + 77*r**2 - 21*r - 61. Let u be b(-13). Calculate the greatest common divisor of 602 and u.
43
Suppose 571 + 337 = -5*o - 2*s, -o - s = 181. Let n = o - -209. What is the greatest common factor of n and 243?
27
Suppose -3*m - 5*i = -7*m + 21, 4*m - i - 17 = 0. Let g(w) = 11*w + 59. Let r be g(-5). What is the greatest common divisor of m and r?
4
Let i(y) be the third derivative of y**5/60 - 5*y**4/24 - y**3/6 + 12*y**2. Let r be i(6). Let d be 2/(-3) + 15/9. What is the highest common factor of d and r?
1
Suppose 21*w - 2177 = 763. Let y(k) = 104*k**2 - 2*k - 1. Let n be y(-1). Calculate the highest common factor of w and n.
35
Suppose 1134 = 4*c + 10*c. Calculate the greatest common divisor of c and 837.
27
Let c = -701 + 707. Suppose -2*t = 3*b - 399, 2*t - 2*b - 394 = -0*t. Let z be (-52)/c*t/(-12). Calculate the greatest common divisor of z and 13.
13
Let s(y) = 11*y**2 - 125*y - 74. Let h be s(13). Calculate the highest common factor of h and 32.
32
Let b(i) = i**3 + 5*i**2 - 7*i + 1. Let a = -125 - -130. Let u be b(a). What is the highest common divisor of u and 27?
27
Let u(r) = -r**3 - 2*r**2 + r - 36. Let v be u(0). Let p be (162/v)/(3/(-2)). Let y be (-7 + 3 - 7)/(p/(-6)). What is the greatest common divisor of 22 and y?
22
Let y = -9001 + 9049. Calculate the greatest common divisor of y and 1448.
8
Let l = 9 + -23. Let y be (l/(-21))/((-2)/3) + 58. Let j = -17 + y. Calculate the highest common divisor of 120 and j.
40
Let g(o) = 4*o**3 - 3*o**2 + 2*o + 3. Let s be g(3). Suppose 413 + 22771 = 184*i. Calculate the greatest common divisor of i and s.
18
Let v = -176 - -248. Suppose -4*l + 1892 = 4*q - 0*l, -1862 = -4*q + 2*l. Let r = -459 + q. Calculate the highest common factor of v and r.
9
Let i = 11630 + -10365. Calculate the greatest common factor of 1495 and i.
115
Let h(x) be the first derivative of 1/3*x**3 + 4 - 4*x + 5/2*x**2. Let w be h(-6). Calculate the highest common factor of w and 12.
2
Suppose 0 = -24*h - x + 217290, 49*x - 46*x = -3*h + 27144. Calculate the greatest common divisor of 18 and h.
18
Let t = 35 - 19. Let k = -81 - -99. Suppose -k*z = -19*z + 176. Calculate the greatest common factor of z and t.
16
Let i(j) = -30*j - 13. Let s be i(-2). Let y = 52 - s. Suppose 0 = y*g - p - 167, -5*p + 49 = g - 0*g. Calculate the greatest common divisor of 374 and g.
34
Let n = 8510 + -6881. Calculate the highest common factor of 9 and n.
9
Suppose -f = -3*c + 58 - 45, 0 = -3*f + 5*c - 11. Let q(t) = -12*t + 6. Let w be q(4). Let u = -10 - w. Calculate the highest common factor of u and f.
8
Suppose -g + 3*m + 36 = 0, -2*g + 63 = 25*m - 22*m. Let l(x) = -4*x + 287. Let p be l(g). Suppose r = -2*r + 93. What is the greatest common factor of p and r?
31
Let t = -24 - -40. Let g be 31 + -32 - 3/((-6)/t). Calculate the highest common factor of 413 and g.
7
Suppose -4811 = -262*p - 2453. Let w(z) = -7*z**3 + 2*z**2 + 5*z - 1. Let a be w(-4). Calculate the highest common divisor of a and p.
9
Let i(z) = -18*z - 9. Let f be i(-5). Suppose -6 = -12*d + 10*d. Suppose 3*n + 4*s - 7 = 0, d*s + 29 = n - s. What is the highest common divisor of f and n?
9
Suppose 0 = -o - 2*f - f + 13, o + 4*f = 16. Suppose 0 = 5*t - 2*t + o*x - 104, 5*x = 10. Let s = 13 + t. What is the highest common factor of 30 and s?
15
Suppose 0 = 5*i + 5 - 20, -3*i = -3*f + 33. What is the greatest common factor of f and 7252?
14
Suppose -66*w + 318516 = -47*w. Calculate the greatest common divisor of 33 and w.
33
Suppose 193*x - 197*x + 23944 = 0. What is the greatest common divisor of x and 438?
146
Let b(g) = -g**2 - 48*g + 1362. Let q be b(19). Calculate the greatest common factor of 2047 and q.
89
Let s be (-5324)/605*(-50)/5. Suppose 2*o - 22 - 10 = -2*n, 0 = -2*o. Calculate the greatest common divisor of n and s.
8
Let y = 596 - 488. Suppose 0 = 2*p + 74 - y. Calculate the greatest common divisor of 136 and p.
17
Let g be (-10)/70 - 155/(-7). Let a = g + -9. Suppose -51 - a = -4*t. Calculate the greatest common factor of 80 and t.
16
Let o(a) = 2*a**2 + 12*a + 104. Let c be o(-10). Suppose 0 = 18*q - c - 68. Calculate the greatest common factor of 756 and q.
14
Let p = 1147 - 1121. Let f = -193 - -492. What is the highest common divisor of f and p?
13
Let l = -141063 - -141543. Let z be -11*1*-2 - -2. Calculate the highest common divisor of z and l.
24
Suppose -l = -4*j + 639, -3*l = -4*j + l + 636. Suppose j*s = 157*s + 267. Calculate the highest common factor of s and 89.
89
Suppose -2*t = -7*t + 50. Let h = -17452 - -17512. Calculate the highest common factor of h and t.
10
Suppose 3*n - 10 = 38. Suppose 12*s = 15*s - 525. Suppose -k - 3*h + s = 0, h - 622 = -3*k - 137. Calculate the greatest common divisor of n and k.
16
Let g be ((-81)/(-63))/(111/24605). What is the highest common factor of g and 135?
15
Let n be ((-23)/115)/((-4)/260). What is the greatest common divisor of n and 1937?
13
Suppose 7439 = 14*d + 1998 - 1979. Calculate the highest common factor of d and 95.
5
Let q = -2256 + 2290. Calculate the greatest common factor of 2312 and q.
34
Let c = 585 - 585. Suppose -12 = -3*k - c*k, 3*s + 3*k = 183. Suppose -2*v = -5*v + 57. What is the greatest common divisor of s and v?
19
Let g = -808 - -812. Suppose 21 = d + 4*j - 6*j, -j + 75 = g*d. Let u = 24 + -5. Calculate the greatest common divisor of u and d.
19
Suppose 3*c - 1 = -7. Let f(v) = -40*v**3 + 2*v**2 + 7*v + 8. Let k be f(c). Calculate the greatest common divisor of 23 and k.
23
Suppose 24 = -k + 3*k. Let c be (-470)/40 + 11 + (-1107)/4*-1. Calculate the greatest common divisor of c and k.
12
Suppose -3*f - 3*v = 2*f - 921, 3*v - 735 = -4*f. Calculate the highest common divisor of 1209 and f.
93
Let s = 1938 - 1379. Let y = -518 + s. What is the highest common divisor of 123 and y?
41
Suppose 9*i = 10*i - 33. Suppose -23*z + 2229 + 807 = 0. Calculate the greatest common divisor of z and i.
33
Let s be (-12)/(-18) + (-20)/(-15). Let p(w) = 2*w**3 + 14*w**2 - 18*w - 7. Let m be p(-8). Calculate the highest common factor of m and s.
1
Let s(v) = 9*v**2 + 14*v - 19. Let m be s(-7). What is the greatest common factor of m and 81?
81
Let s = -12 - -18. Let r = 5773 + -5719. Calculate the highest common factor of r and s.
6
Suppose 154 - 508 = 2*j. Let d = -87 - j. Suppose 3*b + 20 = 5*b. What is the greatest common divisor of b and d?
10
Suppose 10374*v - 10365*v = 792. Calculate the highest common factor of 58 and v.
2
Let v(z) = 127*z + 8569. Let n be v(-50). Calculate the highest common divisor of 49 and n.
7
Suppose 62*n + 1840 = 31*n + 47*n. Calculate the highest common factor of n and 1472.
23
Let d = 590 + -330. Let j = 1290 + -1134. Calculate the greatest common factor of j and d.
52
Suppose -2*t = -4*t + 102. Let w be 3/2*28/18*t. Let g be 74/10 + 2/(-5). Calculate the highest common divisor of w and g.
7
Let h(k) = 8*k - 3. Let s be h(1). Suppose 0 = -s*y + 14 + 11. Let f be (-3)/((-12)/(-2 + y) + 3). What is the greatest common divisor of 4 and f?
1
Let z = 10 + 8. Let m = -61 - -52. Let n be 2/m + 4872/54. Calculate the greatest common factor of n and z.
18
Let b(s) = 4803*s - 4745. Let u be b(1). Suppose 174 = m + m. What is the greatest common factor of m and u?
29
Suppose -2*n - 5*q = -15, -4*q = -0*q - 12. Suppose n*c = -c + 5, 5*v = 2*c - 765. Let r = v - -382. What is the highest common factor of 21 and r?
21
Let o be ((-14)/4)/((-1)/2). Suppose -3*i + 4*d = -24 + 8, 0 = 3*d - 6. Suppose -i*t - 8 = -232. What is the highest common divisor of t and o?
7
Let d be 7 + -111*4/(-40) + (-1)/10. What is the greatest common divisor of 1818 and d?
18
Suppose -4*a + 554 + 246 = -2*a. Calculate the greatest common factor of 900 and a.
100
Let g(b) = -42*b + 562. Let s be g(9). What is the highest common factor of 192 and s?
8
Let p be ((-966008)/14)/(-2) + (-396)/1386. What is the greatest common divisor of p and 2